{"id":2406,"date":"2020-11-24T00:48:57","date_gmt":"2020-11-23T23:48:57","guid":{"rendered":"https:\/\/larnocom.net\/freelance\/?post_type=portfolio&#038;p=2406"},"modified":"2021-10-01T15:37:30","modified_gmt":"2021-10-01T13:37:30","slug":"cpts","status":"publish","type":"portfolio","link":"https:\/\/larnocom.net\/freelance\/portfolio\/cpts\/","title":{"rendered":"CPTS"},"content":{"rendered":"<div class=\"grid kcm\">\n<div class=\"grid__item two-twelfths portable--one-twelfth lap--auto palm--auto top-no-padding bottom-no-padding \" data-style=\"undefined\"><\/div>\n<div class=\"grid__item four-twelfths portable--four-twelfths lap--auto palm--auto top-no-padding bottom-no-padding \" data-style=\"undefined\">\n<h3 class=\"p1\">Communaut\u00e9 Professionnelle Territoriale de Sant\u00e9 Tarbes Adour<\/h3>\n<p><span class=\"s1\">Client \u2014\u00a0<strong>CPTS<\/strong><br \/>\nIntervention \u2014<\/span>\u00a0<strong>Logo<\/strong><span class=\"s1\"><br \/>\nDate <\/span><span class=\"s1\">\u2014 <strong>2020<\/strong><\/span><\/p>\n<p>&nbsp;<\/p>\n<\/div>\n<div class=\"grid__item four-twelfths portable--six-twelfths lap--hide palm--auto top-no-padding bottom-large-padding \" data-style=\"undefined\">\n<h2 class=\"p1\">Cr\u00e9ation identit\u00e9 visuelle de la Communaut\u00e9 Professionnelle Territoriale de Sant\u00e9 \u2013 Tarbes Adour<br \/>\nTarbes \/ Hautes-Pyr\u00e9n\u00e9es<\/h2>\n<\/div>\n<div class=\"grid__item one-whole portable--nine-twelfths lap--auto palm--auto top-no-padding bottom-large-padding center \" data-style=\"undefined\"><img loading=\"lazy\" decoding=\"async\" class=\"size-full wp-image-2407 aligncenter\" src=\"https:\/\/larnocom.net\/freelance\/wp-content\/uploads\/2021\/05\/cptsminiatures.jpg\" alt=\"\" width=\"590\" height=\"590\" srcset=\"https:\/\/larnocom.net\/freelance\/wp-content\/uploads\/2021\/05\/cptsminiatures.jpg 590w, https:\/\/larnocom.net\/freelance\/wp-content\/uploads\/2021\/05\/cptsminiatures-300x300.jpg 300w, https:\/\/larnocom.net\/freelance\/wp-content\/uploads\/2021\/05\/cptsminiatures-150x150.jpg 150w\" sizes=\"auto, (max-width: 590px) 100vw, 590px\" \/><\/div>\n<\/div>\n","protected":false},"excerpt":{"rendered":"<p>Communaut\u00e9 Professionnelle Territoriale de Sant\u00e9 Tarbes Adour Client \u2014\u00a0CPTS Intervention \u2014\u00a0Logo Date \u2014 2020 &nbsp; Cr\u00e9ation identit\u00e9 visuelle de la Communaut\u00e9 Professionnelle Territoriale de Sant\u00e9 \u2013 Tarbes Adour Tarbes \/ Hautes-Pyr\u00e9n\u00e9es<\/p>\n","protected":false},"author":1,"featured_media":2609,"comment_status":"closed","ping_status":"closed","template":"","meta":{"footnotes":""},"class_list":["post-2406","portfolio","type-portfolio","status-publish","has-post-thumbnail","hentry","portfolio_category-logo"],"acf":[],"yoast_head":"<!-- This site is optimized with the Yoast SEO plugin v25.2 - https:\/\/yoast.com\/wordpress\/plugins\/seo\/ -->\n<title>CPTS | Arnaud Decotte Designer graphique freelance<\/title>\n<meta name=\"robots\" content=\"index, follow, max-snippet:-1, max-image-preview:large, max-video-preview:-1\" \/>\n<link rel=\"canonical\" href=\"https:\/\/larnocom.net\/freelance\/portfolio\/cpts\/\" \/>\n<meta property=\"og:locale\" content=\"fr_FR\" \/>\n<meta property=\"og:type\" content=\"article\" \/>\n<meta property=\"og:title\" content=\"CPTS | Arnaud Decotte Designer graphique freelance\" \/>\n<meta property=\"og:description\" content=\"Communaut\u00e9 Professionnelle Territoriale de Sant\u00e9 Tarbes Adour Client \u2014\u00a0CPTS Intervention \u2014\u00a0Logo Date \u2014 2020 &nbsp; Cr\u00e9ation identit\u00e9 visuelle de la Communaut\u00e9 Professionnelle Territoriale de Sant\u00e9 \u2013 Tarbes Adour Tarbes \/ Hautes-Pyr\u00e9n\u00e9es\" \/>\n<meta property=\"og:url\" content=\"https:\/\/larnocom.net\/freelance\/portfolio\/cpts\/\" \/>\n<meta property=\"og:site_name\" content=\"Arnaud Decotte Designer graphique freelance\" \/>\n<meta property=\"article:publisher\" content=\"https:\/\/www.facebook.com\/AD.freelance\" \/>\n<meta property=\"article:modified_time\" content=\"2021-10-01T13:37:30+00:00\" \/>\n<meta property=\"og:image\" content=\"https:\/\/larnocom.net\/freelance\/wp-content\/uploads\/2021\/05\/CPTS1.jpg\" \/>\n\t<meta property=\"og:image:width\" content=\"960\" \/>\n\t<meta property=\"og:image:height\" content=\"1080\" \/>\n\t<meta property=\"og:image:type\" content=\"image\/jpeg\" \/>\n<meta name=\"twitter:card\" content=\"summary_large_image\" \/>\n<meta name=\"twitter:label1\" content=\"Dur\u00e9e de lecture estim\u00e9e\" \/>\n\t<meta name=\"twitter:data1\" content=\"1 minute\" \/>\n<script type=\"application\/ld+json\" class=\"yoast-schema-graph\">{\"@context\":\"https:\/\/schema.org\",\"@graph\":[{\"@type\":\"WebPage\",\"@id\":\"https:\/\/larnocom.net\/freelance\/portfolio\/cpts\/\",\"url\":\"https:\/\/larnocom.net\/freelance\/portfolio\/cpts\/\",\"name\":\"CPTS | Arnaud Decotte Designer graphique freelance\",\"isPartOf\":{\"@id\":\"https:\/\/larnocom.net\/freelance\/#website\"},\"primaryImageOfPage\":{\"@id\":\"https:\/\/larnocom.net\/freelance\/portfolio\/cpts\/#primaryimage\"},\"image\":{\"@id\":\"https:\/\/larnocom.net\/freelance\/portfolio\/cpts\/#primaryimage\"},\"thumbnailUrl\":\"https:\/\/larnocom.net\/freelance\/wp-content\/uploads\/2021\/05\/CPTS1.jpg\",\"datePublished\":\"2020-11-23T23:48:57+00:00\",\"dateModified\":\"2021-10-01T13:37:30+00:00\",\"breadcrumb\":{\"@id\":\"https:\/\/larnocom.net\/freelance\/portfolio\/cpts\/#breadcrumb\"},\"inLanguage\":\"fr-FR\",\"potentialAction\":[{\"@type\":\"ReadAction\",\"target\":[\"https:\/\/larnocom.net\/freelance\/portfolio\/cpts\/\"]}]},{\"@type\":\"ImageObject\",\"inLanguage\":\"fr-FR\",\"@id\":\"https:\/\/larnocom.net\/freelance\/portfolio\/cpts\/#primaryimage\",\"url\":\"https:\/\/larnocom.net\/freelance\/wp-content\/uploads\/2021\/05\/CPTS1.jpg\",\"contentUrl\":\"https:\/\/larnocom.net\/freelance\/wp-content\/uploads\/2021\/05\/CPTS1.jpg\",\"width\":960,\"height\":1080},{\"@type\":\"BreadcrumbList\",\"@id\":\"https:\/\/larnocom.net\/freelance\/portfolio\/cpts\/#breadcrumb\",\"itemListElement\":[{\"@type\":\"ListItem\",\"position\":1,\"name\":\"Accueil\",\"item\":\"https:\/\/larnocom.net\/freelance\/\"},{\"@type\":\"ListItem\",\"position\":2,\"name\":\"Portfolio\",\"item\":\"https:\/\/larnocom.net\/freelance\/portfolio\/\"},{\"@type\":\"ListItem\",\"position\":3,\"name\":\"CPTS\"}]},{\"@type\":\"WebSite\",\"@id\":\"https:\/\/larnocom.net\/freelance\/#website\",\"url\":\"https:\/\/larnocom.net\/freelance\/\",\"name\":\"Arnaud Decotte | Graphiste webdesigner Tarbes\",\"description\":\"Graphiste webdesigner Hautes-Pyr\u00e9n\u00e9es\",\"publisher\":{\"@id\":\"https:\/\/larnocom.net\/freelance\/#organization\"},\"alternateName\":\"AD Graphiste Tarbes\",\"potentialAction\":[{\"@type\":\"SearchAction\",\"target\":{\"@type\":\"EntryPoint\",\"urlTemplate\":\"https:\/\/larnocom.net\/freelance\/?s={search_term_string}\"},\"query-input\":{\"@type\":\"PropertyValueSpecification\",\"valueRequired\":true,\"valueName\":\"search_term_string\"}}],\"inLanguage\":\"fr-FR\"},{\"@type\":\"Organization\",\"@id\":\"https:\/\/larnocom.net\/freelance\/#organization\",\"name\":\"AD grahiste webdesigner freelance\",\"alternateName\":\"Arnaud Decotte\",\"url\":\"https:\/\/larnocom.net\/freelance\/\",\"logo\":{\"@type\":\"ImageObject\",\"inLanguage\":\"fr-FR\",\"@id\":\"https:\/\/larnocom.net\/freelance\/#\/schema\/logo\/image\/\",\"url\":\"https:\/\/larnocom.net\/freelance\/wp-content\/uploads\/2021\/05\/fb-ad.jpg\",\"contentUrl\":\"https:\/\/larnocom.net\/freelance\/wp-content\/uploads\/2021\/05\/fb-ad.jpg\",\"width\":500,\"height\":500,\"caption\":\"AD grahiste webdesigner freelance\"},\"image\":{\"@id\":\"https:\/\/larnocom.net\/freelance\/#\/schema\/logo\/image\/\"},\"sameAs\":[\"https:\/\/www.facebook.com\/AD.freelance\"]}]}<\/script>\n<!-- \/ Yoast SEO plugin. -->","yoast_head_json":{"title":"CPTS | Arnaud Decotte Designer graphique freelance","robots":{"index":"index","follow":"follow","max-snippet":"max-snippet:-1","max-image-preview":"max-image-preview:large","max-video-preview":"max-video-preview:-1"},"canonical":"https:\/\/larnocom.net\/freelance\/portfolio\/cpts\/","og_locale":"fr_FR","og_type":"article","og_title":"CPTS | Arnaud Decotte Designer graphique freelance","og_description":"Communaut\u00e9 Professionnelle Territoriale de Sant\u00e9 Tarbes Adour Client \u2014\u00a0CPTS Intervention \u2014\u00a0Logo Date \u2014 2020 &nbsp; Cr\u00e9ation identit\u00e9 visuelle de la Communaut\u00e9 Professionnelle Territoriale de Sant\u00e9 \u2013 Tarbes Adour Tarbes \/ Hautes-Pyr\u00e9n\u00e9es","og_url":"https:\/\/larnocom.net\/freelance\/portfolio\/cpts\/","og_site_name":"Arnaud Decotte Designer graphique freelance","article_publisher":"https:\/\/www.facebook.com\/AD.freelance","article_modified_time":"2021-10-01T13:37:30+00:00","og_image":[{"width":960,"height":1080,"url":"https:\/\/larnocom.net\/freelance\/wp-content\/uploads\/2021\/05\/CPTS1.jpg","type":"image\/jpeg"}],"twitter_card":"summary_large_image","twitter_misc":{"Dur\u00e9e de lecture estim\u00e9e":"1 minute"},"schema":{"@context":"https:\/\/schema.org","@graph":[{"@type":"WebPage","@id":"https:\/\/larnocom.net\/freelance\/portfolio\/cpts\/","url":"https:\/\/larnocom.net\/freelance\/portfolio\/cpts\/","name":"CPTS | Arnaud Decotte Designer graphique freelance","isPartOf":{"@id":"https:\/\/larnocom.net\/freelance\/#website"},"primaryImageOfPage":{"@id":"https:\/\/larnocom.net\/freelance\/portfolio\/cpts\/#primaryimage"},"image":{"@id":"https:\/\/larnocom.net\/freelance\/portfolio\/cpts\/#primaryimage"},"thumbnailUrl":"https:\/\/larnocom.net\/freelance\/wp-content\/uploads\/2021\/05\/CPTS1.jpg","datePublished":"2020-11-23T23:48:57+00:00","dateModified":"2021-10-01T13:37:30+00:00","breadcrumb":{"@id":"https:\/\/larnocom.net\/freelance\/portfolio\/cpts\/#breadcrumb"},"inLanguage":"fr-FR","potentialAction":[{"@type":"ReadAction","target":["https:\/\/larnocom.net\/freelance\/portfolio\/cpts\/"]}]},{"@type":"ImageObject","inLanguage":"fr-FR","@id":"https:\/\/larnocom.net\/freelance\/portfolio\/cpts\/#primaryimage","url":"https:\/\/larnocom.net\/freelance\/wp-content\/uploads\/2021\/05\/CPTS1.jpg","contentUrl":"https:\/\/larnocom.net\/freelance\/wp-content\/uploads\/2021\/05\/CPTS1.jpg","width":960,"height":1080},{"@type":"BreadcrumbList","@id":"https:\/\/larnocom.net\/freelance\/portfolio\/cpts\/#breadcrumb","itemListElement":[{"@type":"ListItem","position":1,"name":"Accueil","item":"https:\/\/larnocom.net\/freelance\/"},{"@type":"ListItem","position":2,"name":"Portfolio","item":"https:\/\/larnocom.net\/freelance\/portfolio\/"},{"@type":"ListItem","position":3,"name":"CPTS"}]},{"@type":"WebSite","@id":"https:\/\/larnocom.net\/freelance\/#website","url":"https:\/\/larnocom.net\/freelance\/","name":"Arnaud Decotte | Graphiste webdesigner Tarbes","description":"Graphiste webdesigner Hautes-Pyr\u00e9n\u00e9es","publisher":{"@id":"https:\/\/larnocom.net\/freelance\/#organization"},"alternateName":"AD Graphiste Tarbes","potentialAction":[{"@type":"SearchAction","target":{"@type":"EntryPoint","urlTemplate":"https:\/\/larnocom.net\/freelance\/?s={search_term_string}"},"query-input":{"@type":"PropertyValueSpecification","valueRequired":true,"valueName":"search_term_string"}}],"inLanguage":"fr-FR"},{"@type":"Organization","@id":"https:\/\/larnocom.net\/freelance\/#organization","name":"AD grahiste webdesigner freelance","alternateName":"Arnaud Decotte","url":"https:\/\/larnocom.net\/freelance\/","logo":{"@type":"ImageObject","inLanguage":"fr-FR","@id":"https:\/\/larnocom.net\/freelance\/#\/schema\/logo\/image\/","url":"https:\/\/larnocom.net\/freelance\/wp-content\/uploads\/2021\/05\/fb-ad.jpg","contentUrl":"https:\/\/larnocom.net\/freelance\/wp-content\/uploads\/2021\/05\/fb-ad.jpg","width":500,"height":500,"caption":"AD grahiste webdesigner freelance"},"image":{"@id":"https:\/\/larnocom.net\/freelance\/#\/schema\/logo\/image\/"},"sameAs":["https:\/\/www.facebook.com\/AD.freelance"]}]}},"_links":{"self":[{"href":"https:\/\/larnocom.net\/freelance\/wp-json\/wp\/v2\/portfolio\/2406","targetHints":{"allow":["GET"]}}],"collection":[{"href":"https:\/\/larnocom.net\/freelance\/wp-json\/wp\/v2\/portfolio"}],"about":[{"href":"https:\/\/larnocom.net\/freelance\/wp-json\/wp\/v2\/types\/portfolio"}],"author":[{"embeddable":true,"href":"https:\/\/larnocom.net\/freelance\/wp-json\/wp\/v2\/users\/1"}],"replies":[{"embeddable":true,"href":"https:\/\/larnocom.net\/freelance\/wp-json\/wp\/v2\/comments?post=2406"}],"version-history":[{"count":5,"href":"https:\/\/larnocom.net\/freelance\/wp-json\/wp\/v2\/portfolio\/2406\/revisions"}],"predecessor-version":[{"id":2628,"href":"https:\/\/larnocom.net\/freelance\/wp-json\/wp\/v2\/portfolio\/2406\/revisions\/2628"}],"wp:featuredmedia":[{"embeddable":true,"href":"https:\/\/larnocom.net\/freelance\/wp-json\/wp\/v2\/media\/2609"}],"wp:attachment":[{"href":"https:\/\/larnocom.net\/freelance\/wp-json\/wp\/v2\/media?parent=2406"}],"curies":[{"name":"wp","href":"https:\/\/api.w.org\/{rel}","templated":true}]}}

<div class="grid kcm">
<div class="grid__item two-twelfths portable--one-twelfth lap--auto palm--auto top-no-padding bottom-no-padding " data-style="undefined"></div>
<div class="grid__item four-twelfths portable--four-twelfths lap--auto palm--auto top-no-padding bottom-no-padding " data-style="undefined">
<h3 class="p1">Communauté Professionnelle Territoriale de Santé Tarbes Adour</h3>
<p><span class="s1">Client — <strong>CPTS</strong><br />
Intervention —</span> <strong>Logo</strong><span class="s1"><br />
Date </span><span class="s1">— <strong>2020</strong></span></p>
<p>&nbsp;</p>
</div>
<div class="grid__item four-twelfths portable--six-twelfths lap--hide palm--auto top-no-padding bottom-large-padding " data-style="undefined">
<h2 class="p1">Création identité visuelle de la Communauté Professionnelle Territoriale de Santé – Tarbes Adour<br />
Tarbes / Hautes-Pyrénées</h2>
</div>
<div class="grid__item one-whole portable--nine-twelfths lap--auto palm--auto top-no-padding bottom-large-padding center " data-style="undefined"><img loading="lazy" decoding="async" class="size-full wp-image-2407 aligncenter" src="https://larnocom.net/freelance/wp-content/uploads/2021/05/cptsminiatures.jpg" alt="" width="590" height="590" srcset="https://larnocom.net/freelance/wp-content/uploads/2021/05/cptsminiatures.jpg 590w, https://larnocom.net/freelance/wp-content/uploads/2021/05/cptsminiatures-300x300.jpg 300w, https://larnocom.net/freelance/wp-content/uploads/2021/05/cptsminiatures-150x150.jpg 150w" sizes="auto, (max-width: 590px) 100vw, 590px" /></div>
</div>

<p>Communauté Professionnelle Territoriale de Santé Tarbes Adour Client — CPTS Intervention — Logo Date — 2020 &nbsp; Création identité visuelle de la Communauté Professionnelle Territoriale de Santé – Tarbes Adour Tarbes / Hautes-Pyrénées</p>

<!-- This site is optimized with the Yoast SEO plugin v25.2 - https://yoast.com/wordpress/plugins/seo/ -->
<title>CPTS | Arnaud Decotte Designer graphique freelance</title>
<meta name="robots" content="index, follow, max-snippet:-1, max-image-preview:large, max-video-preview:-1" />
<link rel="canonical" href="https://larnocom.net/freelance/portfolio/cpts/" />
<meta property="og:locale" content="fr_FR" />
<meta property="og:type" content="article" />
<meta property="og:title" content="CPTS | Arnaud Decotte Designer graphique freelance" />
<meta property="og:description" content="Communauté Professionnelle Territoriale de Santé Tarbes Adour Client — CPTS Intervention — Logo Date — 2020 &nbsp; Création identité visuelle de la Communauté Professionnelle Territoriale de Santé – Tarbes Adour Tarbes / Hautes-Pyrénées" />
<meta property="og:url" content="https://larnocom.net/freelance/portfolio/cpts/" />
<meta property="og:site_name" content="Arnaud Decotte Designer graphique freelance" />
<meta property="article:publisher" content="https://www.facebook.com/AD.freelance" />
<meta property="article:modified_time" content="2021-10-01T13:37:30+00:00" />
<meta property="og:image" content="https://larnocom.net/freelance/wp-content/uploads/2021/05/CPTS1.jpg" />
	<meta property="og:image:width" content="960" />
	<meta property="og:image:height" content="1080" />
	<meta property="og:image:type" content="image/jpeg" />
<meta name="twitter:card" content="summary_large_image" />
<meta name="twitter:label1" content="Durée de lecture estimée" />
	<meta name="twitter:data1" content="1 minute" />
<script type="application/ld+json" class="yoast-schema-graph">{"@context":"https://schema.org","@graph":[{"@type":"WebPage","@id":"https://larnocom.net/freelance/portfolio/cpts/","url":"https://larnocom.net/freelance/portfolio/cpts/","name":"CPTS | Arnaud Decotte Designer graphique freelance","isPartOf":{"@id":"https://larnocom.net/freelance/#website"},"primaryImageOfPage":{"@id":"https://larnocom.net/freelance/portfolio/cpts/#primaryimage"},"image":{"@id":"https://larnocom.net/freelance/portfolio/cpts/#primaryimage"},"thumbnailUrl":"https://larnocom.net/freelance/wp-content/uploads/2021/05/CPTS1.jpg","datePublished":"2020-11-23T23:48:57+00:00","dateModified":"2021-10-01T13:37:30+00:00","breadcrumb":{"@id":"https://larnocom.net/freelance/portfolio/cpts/#breadcrumb"},"inLanguage":"fr-FR","potentialAction":[{"@type":"ReadAction","target":["https://larnocom.net/freelance/portfolio/cpts/"]}]},{"@type":"ImageObject","inLanguage":"fr-FR","@id":"https://larnocom.net/freelance/portfolio/cpts/#primaryimage","url":"https://larnocom.net/freelance/wp-content/uploads/2021/05/CPTS1.jpg","contentUrl":"https://larnocom.net/freelance/wp-content/uploads/2021/05/CPTS1.jpg","width":960,"height":1080},{"@type":"BreadcrumbList","@id":"https://larnocom.net/freelance/portfolio/cpts/#breadcrumb","itemListElement":[{"@type":"ListItem","position":1,"name":"Accueil","item":"https://larnocom.net/freelance/"},{"@type":"ListItem","position":2,"name":"Portfolio","item":"https://larnocom.net/freelance/portfolio/"},{"@type":"ListItem","position":3,"name":"CPTS"}]},{"@type":"WebSite","@id":"https://larnocom.net/freelance/#website","url":"https://larnocom.net/freelance/","name":"Arnaud Decotte | Graphiste webdesigner Tarbes","description":"Graphiste webdesigner Hautes-Pyrénées","publisher":{"@id":"https://larnocom.net/freelance/#organization"},"alternateName":"AD Graphiste Tarbes","potentialAction":[{"@type":"SearchAction","target":{"@type":"EntryPoint","urlTemplate":"https://larnocom.net/freelance/?s={search_term_string}"},"query-input":{"@type":"PropertyValueSpecification","valueRequired":true,"valueName":"search_term_string"}}],"inLanguage":"fr-FR"},{"@type":"Organization","@id":"https://larnocom.net/freelance/#organization","name":"AD grahiste webdesigner freelance","alternateName":"Arnaud Decotte","url":"https://larnocom.net/freelance/","logo":{"@type":"ImageObject","inLanguage":"fr-FR","@id":"https://larnocom.net/freelance/#/schema/logo/image/","url":"https://larnocom.net/freelance/wp-content/uploads/2021/05/fb-ad.jpg","contentUrl":"https://larnocom.net/freelance/wp-content/uploads/2021/05/fb-ad.jpg","width":500,"height":500,"caption":"AD grahiste webdesigner freelance"},"image":{"@id":"https://larnocom.net/freelance/#/schema/logo/image/"},"sameAs":["https://www.facebook.com/AD.freelance"]}]}</script>
<!-- / Yoast SEO plugin. -->

Communauté Professionnelle Territoriale de Santé Tarbes Adour Client — CPTS Intervention — Logo Date — 2020 &nbsp; Création identité visuelle de la Communauté Professionnelle Territoriale de Santé – Tarbes Adour Tarbes / Hautes-Pyrénées

Graphiste webdesigner Hautes-Pyrénées
