{"id":245,"date":"2016-04-12T12:38:24","date_gmt":"2016-04-12T12:38:24","guid":{"rendered":"https:\/\/calafate.demo-heythemers.com\/?page_id=245"},"modified":"2021-10-01T13:39:20","modified_gmt":"2021-10-01T11:39:20","slug":"contact","status":"publish","type":"page","link":"https:\/\/larnocom.net\/freelance\/contact\/","title":{"rendered":"Contact"},"content":{"rendered":"<div class=\"grid kcm\">\n<div class=\"grid__item three-twelfths portable--auto lap--auto palm--auto top-small-padding bottom-small-padding \" data-style=\"undefined\">\n<h3>J&rsquo;aime dire hola !<\/h3>\n<\/div>\n<div class=\"grid__item three-twelfths portable--auto lap--auto palm--auto top-small-padding bottom-small-padding   \" data-style=\"undefined\">\n<p><a href=\"mailto:ad@arnaud-decotte.com\">ad@arnaud-decotte.com<\/a><\/p>\n<p>+33 6 41 14 78 23<\/p>\n<p>Hautes-Pyr\u00e9n\u00e9es<\/p>\n<\/div>\n<div class=\"grid__item six-twelfths portable--auto lap--auto palm--auto top-small-padding bottom-no-padding center \" data-style=\"undefined\">\n<p>Vous pouvez me suivre sur <a href=\"https:\/\/www.facebook.com\/AD.freelance\" target=\"_blank\" rel=\"noopener\">Facebook<\/a> &amp; <a href=\"https:\/\/www.instagram.com\/aryes.bipente\/\" target=\"_blank\" rel=\"noopener\">Instagram<\/a> ou m&rsquo;\u00e9crire <a href=\"mailot:ad@arnaud-decotte.com\">ad@arnaud-decotte.com<\/a><\/p>\n<\/div>\n<\/div>\n","protected":false},"excerpt":{"rendered":"<p>J&rsquo;aime dire hola ! ad@arnaud-decotte.com +33 6 41 14 78 23 Hautes-Pyr\u00e9n\u00e9es Vous pouvez me suivre sur Facebook &amp; Instagram ou m&rsquo;\u00e9crire ad@arnaud-decotte.com<\/p>\n","protected":false},"author":1,"featured_media":0,"parent":0,"menu_order":0,"comment_status":"closed","ping_status":"closed","template":"template-contact.php","meta":{"footnotes":""},"class_list":["post-245","page","type-page","status-publish","hentry"],"acf":[],"yoast_head":"<!-- This site is optimized with the Yoast SEO plugin v25.2 - https:\/\/yoast.com\/wordpress\/plugins\/seo\/ -->\n<title>Contact | Arnaud Decotte Designer graphique freelance<\/title>\n<meta name=\"robots\" content=\"index, follow, max-snippet:-1, max-image-preview:large, max-video-preview:-1\" \/>\n<link rel=\"canonical\" href=\"https:\/\/larnocom.net\/freelance\/contact\/\" \/>\n<meta property=\"og:locale\" content=\"fr_FR\" \/>\n<meta property=\"og:type\" content=\"article\" \/>\n<meta property=\"og:title\" content=\"Contact | Arnaud Decotte Designer graphique freelance\" \/>\n<meta property=\"og:description\" content=\"J&rsquo;aime dire hola ! ad@arnaud-decotte.com +33 6 41 14 78 23 Hautes-Pyr\u00e9n\u00e9es Vous pouvez me suivre sur Facebook &amp; Instagram ou m&rsquo;\u00e9crire ad@arnaud-decotte.com\" \/>\n<meta property=\"og:url\" content=\"https:\/\/larnocom.net\/freelance\/contact\/\" \/>\n<meta property=\"og:site_name\" content=\"Arnaud Decotte Designer graphique freelance\" \/>\n<meta property=\"article:publisher\" content=\"https:\/\/www.facebook.com\/AD.freelance\" \/>\n<meta property=\"article:modified_time\" content=\"2021-10-01T11:39:20+00:00\" \/>\n<meta name=\"twitter:card\" content=\"summary_large_image\" \/>\n<meta name=\"twitter:label1\" content=\"Dur\u00e9e de lecture estim\u00e9e\" \/>\n\t<meta name=\"twitter:data1\" content=\"1 minute\" \/>\n<script type=\"application\/ld+json\" class=\"yoast-schema-graph\">{\"@context\":\"https:\/\/schema.org\",\"@graph\":[{\"@type\":\"WebPage\",\"@id\":\"https:\/\/larnocom.net\/freelance\/contact\/\",\"url\":\"https:\/\/larnocom.net\/freelance\/contact\/\",\"name\":\"Contact | Arnaud Decotte Designer graphique freelance\",\"isPartOf\":{\"@id\":\"https:\/\/larnocom.net\/freelance\/#website\"},\"datePublished\":\"2016-04-12T12:38:24+00:00\",\"dateModified\":\"2021-10-01T11:39:20+00:00\",\"breadcrumb\":{\"@id\":\"https:\/\/larnocom.net\/freelance\/contact\/#breadcrumb\"},\"inLanguage\":\"fr-FR\",\"potentialAction\":[{\"@type\":\"ReadAction\",\"target\":[\"https:\/\/larnocom.net\/freelance\/contact\/\"]}]},{\"@type\":\"BreadcrumbList\",\"@id\":\"https:\/\/larnocom.net\/freelance\/contact\/#breadcrumb\",\"itemListElement\":[{\"@type\":\"ListItem\",\"position\":1,\"name\":\"Accueil\",\"item\":\"https:\/\/larnocom.net\/freelance\/\"},{\"@type\":\"ListItem\",\"position\":2,\"name\":\"Contact\"}]},{\"@type\":\"WebSite\",\"@id\":\"https:\/\/larnocom.net\/freelance\/#website\",\"url\":\"https:\/\/larnocom.net\/freelance\/\",\"name\":\"Arnaud Decotte | Graphiste webdesigner Tarbes\",\"description\":\"Graphiste webdesigner Hautes-Pyr\u00e9n\u00e9es\",\"publisher\":{\"@id\":\"https:\/\/larnocom.net\/freelance\/#organization\"},\"alternateName\":\"AD Graphiste Tarbes\",\"potentialAction\":[{\"@type\":\"SearchAction\",\"target\":{\"@type\":\"EntryPoint\",\"urlTemplate\":\"https:\/\/larnocom.net\/freelance\/?s={search_term_string}\"},\"query-input\":{\"@type\":\"PropertyValueSpecification\",\"valueRequired\":true,\"valueName\":\"search_term_string\"}}],\"inLanguage\":\"fr-FR\"},{\"@type\":\"Organization\",\"@id\":\"https:\/\/larnocom.net\/freelance\/#organization\",\"name\":\"AD grahiste webdesigner freelance\",\"alternateName\":\"Arnaud Decotte\",\"url\":\"https:\/\/larnocom.net\/freelance\/\",\"logo\":{\"@type\":\"ImageObject\",\"inLanguage\":\"fr-FR\",\"@id\":\"https:\/\/larnocom.net\/freelance\/#\/schema\/logo\/image\/\",\"url\":\"https:\/\/larnocom.net\/freelance\/wp-content\/uploads\/2021\/05\/fb-ad.jpg\",\"contentUrl\":\"https:\/\/larnocom.net\/freelance\/wp-content\/uploads\/2021\/05\/fb-ad.jpg\",\"width\":500,\"height\":500,\"caption\":\"AD grahiste webdesigner freelance\"},\"image\":{\"@id\":\"https:\/\/larnocom.net\/freelance\/#\/schema\/logo\/image\/\"},\"sameAs\":[\"https:\/\/www.facebook.com\/AD.freelance\"]}]}<\/script>\n<!-- \/ Yoast SEO plugin. -->","yoast_head_json":{"title":"Contact | Arnaud Decotte Designer graphique freelance","robots":{"index":"index","follow":"follow","max-snippet":"max-snippet:-1","max-image-preview":"max-image-preview:large","max-video-preview":"max-video-preview:-1"},"canonical":"https:\/\/larnocom.net\/freelance\/contact\/","og_locale":"fr_FR","og_type":"article","og_title":"Contact | Arnaud Decotte Designer graphique freelance","og_description":"J&rsquo;aime dire hola ! ad@arnaud-decotte.com +33 6 41 14 78 23 Hautes-Pyr\u00e9n\u00e9es Vous pouvez me suivre sur Facebook &amp; Instagram ou m&rsquo;\u00e9crire ad@arnaud-decotte.com","og_url":"https:\/\/larnocom.net\/freelance\/contact\/","og_site_name":"Arnaud Decotte Designer graphique freelance","article_publisher":"https:\/\/www.facebook.com\/AD.freelance","article_modified_time":"2021-10-01T11:39:20+00:00","twitter_card":"summary_large_image","twitter_misc":{"Dur\u00e9e de lecture estim\u00e9e":"1 minute"},"schema":{"@context":"https:\/\/schema.org","@graph":[{"@type":"WebPage","@id":"https:\/\/larnocom.net\/freelance\/contact\/","url":"https:\/\/larnocom.net\/freelance\/contact\/","name":"Contact | Arnaud Decotte Designer graphique freelance","isPartOf":{"@id":"https:\/\/larnocom.net\/freelance\/#website"},"datePublished":"2016-04-12T12:38:24+00:00","dateModified":"2021-10-01T11:39:20+00:00","breadcrumb":{"@id":"https:\/\/larnocom.net\/freelance\/contact\/#breadcrumb"},"inLanguage":"fr-FR","potentialAction":[{"@type":"ReadAction","target":["https:\/\/larnocom.net\/freelance\/contact\/"]}]},{"@type":"BreadcrumbList","@id":"https:\/\/larnocom.net\/freelance\/contact\/#breadcrumb","itemListElement":[{"@type":"ListItem","position":1,"name":"Accueil","item":"https:\/\/larnocom.net\/freelance\/"},{"@type":"ListItem","position":2,"name":"Contact"}]},{"@type":"WebSite","@id":"https:\/\/larnocom.net\/freelance\/#website","url":"https:\/\/larnocom.net\/freelance\/","name":"Arnaud Decotte | Graphiste webdesigner Tarbes","description":"Graphiste webdesigner Hautes-Pyr\u00e9n\u00e9es","publisher":{"@id":"https:\/\/larnocom.net\/freelance\/#organization"},"alternateName":"AD Graphiste Tarbes","potentialAction":[{"@type":"SearchAction","target":{"@type":"EntryPoint","urlTemplate":"https:\/\/larnocom.net\/freelance\/?s={search_term_string}"},"query-input":{"@type":"PropertyValueSpecification","valueRequired":true,"valueName":"search_term_string"}}],"inLanguage":"fr-FR"},{"@type":"Organization","@id":"https:\/\/larnocom.net\/freelance\/#organization","name":"AD grahiste webdesigner freelance","alternateName":"Arnaud Decotte","url":"https:\/\/larnocom.net\/freelance\/","logo":{"@type":"ImageObject","inLanguage":"fr-FR","@id":"https:\/\/larnocom.net\/freelance\/#\/schema\/logo\/image\/","url":"https:\/\/larnocom.net\/freelance\/wp-content\/uploads\/2021\/05\/fb-ad.jpg","contentUrl":"https:\/\/larnocom.net\/freelance\/wp-content\/uploads\/2021\/05\/fb-ad.jpg","width":500,"height":500,"caption":"AD grahiste webdesigner freelance"},"image":{"@id":"https:\/\/larnocom.net\/freelance\/#\/schema\/logo\/image\/"},"sameAs":["https:\/\/www.facebook.com\/AD.freelance"]}]}},"_links":{"self":[{"href":"https:\/\/larnocom.net\/freelance\/wp-json\/wp\/v2\/pages\/245","targetHints":{"allow":["GET"]}}],"collection":[{"href":"https:\/\/larnocom.net\/freelance\/wp-json\/wp\/v2\/pages"}],"about":[{"href":"https:\/\/larnocom.net\/freelance\/wp-json\/wp\/v2\/types\/page"}],"author":[{"embeddable":true,"href":"https:\/\/larnocom.net\/freelance\/wp-json\/wp\/v2\/users\/1"}],"replies":[{"embeddable":true,"href":"https:\/\/larnocom.net\/freelance\/wp-json\/wp\/v2\/comments?post=245"}],"version-history":[{"count":5,"href":"https:\/\/larnocom.net\/freelance\/wp-json\/wp\/v2\/pages\/245\/revisions"}],"predecessor-version":[{"id":2544,"href":"https:\/\/larnocom.net\/freelance\/wp-json\/wp\/v2\/pages\/245\/revisions\/2544"}],"wp:attachment":[{"href":"https:\/\/larnocom.net\/freelance\/wp-json\/wp\/v2\/media?parent=245"}],"curies":[{"name":"wp","href":"https:\/\/api.w.org\/{rel}","templated":true}]}}